{"id":291,"date":"2023-01-26T07:19:23","date_gmt":"2023-01-26T07:19:23","guid":{"rendered":"https:\/\/www.jangerka.com\/?page_id=291"},"modified":"2023-01-26T07:19:23","modified_gmt":"2023-01-26T07:19:23","slug":"politica-de-privacidad","status":"publish","type":"page","link":"https:\/\/www.jangerka.com\/?page_id=291","title":{"rendered":"POL\u00cdTICA DE PRIVACIDAD"},"content":{"rendered":"\n<h2>Datos&nbsp;del&nbsp;propietario&nbsp;de&nbsp;la&nbsp;web:<\/h2>\n\n\n\n<figure class=\"wp-block-table\"><table><tbody><tr><td><strong>RAZ\u00d3N&nbsp;SOCIAL<\/strong><strong><\/strong><\/td><td>JAN NIKLAS GERKA<\/td><\/tr><tr><td><strong>NIF<\/strong><strong><\/strong><\/td><td>Y4535210S<\/td><\/tr><tr><td><strong>DIRECCI\u00d3N<\/strong><strong><\/strong><strong>POSTAL<\/strong><strong><\/strong><\/td><td>CALLE DE BRISMAR 13 1D, 07157 PORT DE ANDRATX (ILLES&nbsp;BALEARS)<\/td><\/tr><tr><td><strong>DIRECCI\u00d3N<\/strong><strong><\/strong><strong>ELECTR\u00d3NICA<\/strong><strong><\/strong><\/td><td>jan@jangerka.com<\/td><\/tr><tr><td><strong>TEL\u00c9FONOS<\/strong><strong><\/strong><\/td><td>+34 634 33 5855<\/td><\/tr><tr><td><strong>OBJETO<\/strong><strong><\/strong><strong>PRINCIPAL<\/strong><strong><\/strong><\/td><td>ENTRENADOR DE GOLF<\/td><\/tr><\/tbody><\/table><\/figure>\n\n\n\n<p><strong>Protecci\u00f3n&nbsp;de&nbsp;datos<\/strong><strong><\/strong><\/p>\n\n\n\n<p>De conformidad con la normativa vigente y aplicable en protecci\u00f3n de datos de car\u00e1cter personal, le informamos&nbsp;que sus datos ser\u00e1n incorporados al sistema de tratamiento titularidad de JAN NIKLAS GERKA con NIF&nbsp;Y4535210S&nbsp;y&nbsp;domicilio&nbsp;social&nbsp;sito&nbsp;en&nbsp;CALLE DE BRISMAR 13 1D, 07157 PORT DE ANDRATX&nbsp;(ILLES BALEARS), y que a continuaci\u00f3n se relacionan sus respectivas finalidades, plazos de conservaci\u00f3n y&nbsp;bases&nbsp;legitimadoras.&nbsp;Para&nbsp;aquellos&nbsp;tratamientos&nbsp;que&nbsp;lo&nbsp;requieran,&nbsp;se&nbsp;informa&nbsp;tambi\u00e9n&nbsp;de&nbsp;la&nbsp;posible&nbsp;elaboraci\u00f3n&nbsp;de perfiles y decisiones automatizadas, as\u00ed como las posibles cesiones y las transferencias internacionales que<\/p>\n\n\n\n<p>JAN NIKLAS GERKA tiene&nbsp;previsto realizar:<\/p>\n\n\n\n<figure class=\"wp-block-table is-style-regular\"><table><tbody><tr><td><strong>TRATAMIENTOS&nbsp;REALIZADOS<\/strong><\/td><\/tr><tr><td>&nbsp;&nbsp;&nbsp;<strong>Gesti\u00f3n&nbsp;de&nbsp;lap\u00e1gina&nbsp;web<\/strong><\/td><td>&nbsp;<strong>Finalidad<\/strong>: Tratamiento y gesti\u00f3n de los datos necesarios para la funcionalidad de la p\u00e1ginaweb<strong>Plazo&nbsp;de&nbsp;conservaci\u00f3n<\/strong>:&nbsp;mientras&nbsp;perdure&nbsp;el&nbsp;consentimiento&nbsp;prestado<strong>Base leg\u00edtima<\/strong>: El consentimiento del interesado<strong>Tipolog\u00eda de Datos<\/strong>: Datos meramente identificativos<strong>Cesiones<\/strong>:&nbsp;No&nbsp;se prev\u00e9n<strong>Transferencias&nbsp;internacionales<\/strong>:&nbsp;No&nbsp;se&nbsp;prev\u00e9n<strong>Elaboraciones&nbsp;de&nbsp;perfiles<\/strong>:&nbsp;No&nbsp;se&nbsp;prev\u00e9n<\/td><\/tr><tr><td>&nbsp;&nbsp;&nbsp;<strong>Formulario<\/strong><strong><\/strong><strong>web<\/strong><\/td><td>&nbsp;<strong>Finalidad<\/strong>:&nbsp;Atender&nbsp;sus&nbsp;consultas&nbsp;y\/o&nbsp;solicitudes<strong>Plazo&nbsp;de&nbsp;conservaci\u00f3n<\/strong>:&nbsp;mientras&nbsp;se&nbsp;mantenga&nbsp;el&nbsp;consentimiento&nbsp;prestado.<strong>Base leg\u00edtima<\/strong>: El consentimiento del interesado<strong>Tipolog\u00eda de Datos:&nbsp;<\/strong>Datos meramente identificativos<strong>Cesiones<\/strong>:&nbsp;Ninguna<strong>Transferencias&nbsp;internacionales<\/strong>:&nbsp;No&nbsp;se&nbsp;prev\u00e9n<strong>Elaboraciones&nbsp;de&nbsp;perfiles<\/strong>:&nbsp;No&nbsp;se&nbsp;prev\u00e9n<\/td><\/tr><\/tbody><\/table><\/figure>\n\n\n\n<figure class=\"wp-block-table\"><table><tbody><tr><td>&nbsp;&nbsp;&nbsp;&nbsp;<strong>Gesti\u00f3n delcumplimientonormativo<\/strong><\/td><td>&nbsp;<strong>Finalidad<\/strong>:&nbsp;Gesti\u00f3n&nbsp;y&nbsp;tramitaci\u00f3n&nbsp;de&nbsp;las&nbsp;obligaciones&nbsp;y&nbsp;deberes&nbsp;que&nbsp;se&nbsp;deriven&nbsp;delcumplimiento&nbsp;de la normativa&nbsp;a la&nbsp;cual est\u00e1&nbsp;sujeta&nbsp;la entidad<strong>Plazo&nbsp;de&nbsp;conservaci\u00f3n<\/strong>:&nbsp;conservaci\u00f3n&nbsp;de&nbsp;las&nbsp;copias&nbsp;de&nbsp;los&nbsp;documentos&nbsp;hasta&nbsp;queprescriban&nbsp;las&nbsp;acciones&nbsp;para&nbsp;reclamarle&nbsp;una posible&nbsp;responsabilidad<strong>Base&nbsp;leg\u00edtima<\/strong>:&nbsp;El&nbsp;cumplimiento&nbsp;de&nbsp;una&nbsp;ley<strong>Tipolog\u00eda&nbsp;de&nbsp;Datos:&nbsp;<\/strong>Datos&nbsp;meramente&nbsp;identificativos<strong>Cesiones<\/strong>: sus datos ser\u00e1n comunicados en caso de ser necesario a Organismos y\/oadministraci\u00f3n p\u00fablica con competencia en la materia con la finalidad de cumplir con lasobligaciones&nbsp;establecidas&nbsp;en la&nbsp;normativa&nbsp;aplicable.&nbsp;Adem\u00e1s,&nbsp;se informa&nbsp;que&nbsp;la baselegitimadora de la cesi\u00f3n es cumplir con las obligaciones establecidas en la normativaaplicable<strong>Transferencias&nbsp;internacionales<\/strong>:&nbsp;No&nbsp;se&nbsp;prev\u00e9n<strong>Elaboraciones&nbsp;de&nbsp;perfiles<\/strong>:&nbsp;No&nbsp;se&nbsp;prev\u00e9n<\/td><\/tr><tr><td>&nbsp;&nbsp;&nbsp;<strong>AccionesComerciales<\/strong><\/td><td>&nbsp;<strong>Finalidad<\/strong>:&nbsp;Captaci\u00f3n,&nbsp;registro&nbsp;y&nbsp;tratamiento&nbsp;de&nbsp;datos&nbsp;con&nbsp;finalidades&nbsp;de&nbsp;publicidad&nbsp;yprospecci\u00f3n&nbsp;comercial de nuestros&nbsp;productos&nbsp;y\/o&nbsp;servicios<strong>Plazo&nbsp;de&nbsp;conservaci\u00f3n<\/strong>:&nbsp;mientras&nbsp;se&nbsp;mantenga&nbsp;el&nbsp;consentimiento&nbsp;prestado<strong>Base leg\u00edtima<\/strong>: El consentimiento del interesado<strong>Tipolog\u00eda de Datos:&nbsp;<\/strong>Datos meramente identificativos<strong>Cesiones<\/strong>:&nbsp;Ninguna<strong>Transferencias&nbsp;internacionales<\/strong>:&nbsp;No&nbsp;se&nbsp;prev\u00e9n<strong>Elaboraciones&nbsp;de&nbsp;perfiles<\/strong>:&nbsp;No&nbsp;se&nbsp;prev\u00e9n<\/td><\/tr><\/tbody><\/table><\/figure>\n\n\n\n<h2>Derechos&nbsp;de&nbsp;los&nbsp;interesados<\/h2>\n\n\n\n<p>JAN NIKLAS GERKA&nbsp;informa&nbsp;a&nbsp;los&nbsp;Usuarios&nbsp;que,&nbsp;podr\u00e1&nbsp;ejercer&nbsp;los&nbsp;derechos&nbsp;de acceso,&nbsp;rectificaci\u00f3n,&nbsp;limitaci\u00f3n,&nbsp;supresi\u00f3n,&nbsp;portabilidad&nbsp;yoposici\u00f3n&nbsp;al&nbsp;tratamiento&nbsp;de&nbsp;sus&nbsp;datos&nbsp;de&nbsp;car\u00e1cter&nbsp;personal&nbsp;ante&nbsp;el&nbsp;Responsable&nbsp;del&nbsp;Tratamiento,&nbsp;as\u00ed&nbsp;como a&nbsp;la retirada del&nbsp;consentimiento prestado.<\/p>\n\n\n\n<ul><li><strong><u>Derecho de Acceso<\/u><\/strong>: Es el derecho del usuario a obtener informaci\u00f3n sobre sus datos concretos de&nbsp;car\u00e1cter&nbsp;personal&nbsp;y&nbsp;del&nbsp;tratamientoque&nbsp;se&nbsp;haya&nbsp;realizado&nbsp;o&nbsp;realice,&nbsp;as\u00ed&nbsp;como&nbsp;de&nbsp;la&nbsp;informaci\u00f3n&nbsp;disponible&nbsp;sobre&nbsp;el&nbsp;origen&nbsp;de&nbsp;dichos&nbsp;datos&nbsp;y&nbsp;las&nbsp;comunicacionesrealizadas&nbsp;o&nbsp;previstas&nbsp;de&nbsp;los&nbsp;mismos.<\/li><li><strong><u>Derecho de Rectificaci\u00f3n<\/u><\/strong>: Es el derecho del afectado a que se modifiquen los datos que resulten ser&nbsp;inexactos o incompletos. S\u00f3lo podr\u00e1 satisfacerse en relaci\u00f3n a aquella informaci\u00f3n que se encuentre&nbsp;bajo el control de JAN NIKLAS GERKA, por ejemplo, eliminar comentarios publicados en la propia&nbsp;p\u00e1gina,&nbsp;im\u00e1genes o contenidos web&nbsp;donde&nbsp;consten&nbsp;datos de&nbsp;car\u00e1cter&nbsp;personal&nbsp;del&nbsp;usuario.<\/li><li><strong><u>Derecho a la Limitaci\u00f3n de tratamiento<\/u><\/strong>: Es el derecho a que se limiten los fines del tratamiento&nbsp;previstos de forma original&nbsp;por&nbsp;el responsable&nbsp;del&nbsp;tratamiento.<\/li><li><strong><u>Derecho&nbsp;de&nbsp;Supresi\u00f3n<\/u><\/strong>:&nbsp;Es&nbsp;el&nbsp;derecho&nbsp;a&nbsp;suprimir&nbsp;los&nbsp;datos&nbsp;de&nbsp;car\u00e1cter&nbsp;personal&nbsp;del&nbsp;usuario,&nbsp;a&nbsp;excepci\u00f3n de lo previsto&nbsp;en el propio RGPD o en otras normativas&nbsp;aplicables&nbsp;que determinen la&nbsp;obligatoriedad&nbsp;de&nbsp;la&nbsp;conservaci\u00f3n de los mismos, en&nbsp;tiempo&nbsp;y&nbsp;forma.<\/li><li><strong><u>Derecho&nbsp;de&nbsp;portabilidad<\/u><\/strong>:&nbsp;El&nbsp;derecho&nbsp;a&nbsp;recibir&nbsp;los&nbsp;datos&nbsp;personales&nbsp;que&nbsp;el&nbsp;usuario,&nbsp;haya&nbsp;facilitado,&nbsp;en&nbsp;un&nbsp;formato&nbsp;estructurado,&nbsp;deuso&nbsp;com\u00fan&nbsp;y lectura&nbsp;mec\u00e1nica,&nbsp;y&nbsp;a&nbsp;transmitirlos&nbsp;a&nbsp;otro&nbsp;responsable.<\/li><li><strong><u>Derecho de Oposici\u00f3n<\/u><\/strong>: Es el derecho del usuario a que no se lleve a cabo el tratamiento de sus datos&nbsp;de&nbsp;car\u00e1cter&nbsp;personal&nbsp;o&nbsp;se&nbsp;ceseel&nbsp;tratamiento&nbsp;de&nbsp;los mismos&nbsp;por&nbsp;parte&nbsp;de&nbsp;JAN NIKLAS GERKA.<\/li><\/ul>\n\n\n\n<p>Para&nbsp;poder&nbsp;ejercer&nbsp;cualquiera&nbsp;de&nbsp;los&nbsp;derechos&nbsp;descritos&nbsp;anteriormente&nbsp;deber\u00e1&nbsp;cumplir&nbsp;con&nbsp;los&nbsp;siguientes&nbsp;requisitos:<\/p>\n\n\n\n<ul><li>Presentaci\u00f3n de un escrito a la direcci\u00f3n CALLE DE BRISMAR 13 1D, 07157 PORT DE ANDRATX (ILLES&nbsp;BALEARS) (a la atenci\u00f3n de JAN NIKLAS GERKA) o bien a trav\u00e9s del correo&nbsp;electr\u00f3nico&nbsp;JAN&nbsp;<a href=\"mailto:jan@jangerka.com.\">jan@jangerka.com.<\/a><\/li><li>El escrito remitido por el titular de los datos que solicite el ejercicio deber\u00e1 de cumplir los siguientes&nbsp;requisitos legales:<ul><li>Nombre, apellidos del interesado y copia del DNI\/NIE o cualquier documento identificativo. En&nbsp;los&nbsp;excepcionales&nbsp;casos&nbsp;enque&nbsp;se&nbsp;admita&nbsp;la&nbsp;representaci\u00f3n,&nbsp;ser\u00e1&nbsp;tambi\u00e9n&nbsp;necesaria&nbsp;la&nbsp;identificaci\u00f3n por el mismo medio de la persona que le representa, as\u00ed como el documento&nbsp;acreditativo de la representaci\u00f3n. La fotocopia del DNI podr\u00e1 ser sustituida siempre que se&nbsp;acredite&nbsp;la identidad&nbsp;por&nbsp;cualquier&nbsp;otro medio v\u00e1lido&nbsp;en derecho.<\/li><\/ul><ul><li>Petici\u00f3n&nbsp;en&nbsp;que&nbsp;se&nbsp;concreta&nbsp;la&nbsp;solicitud.&nbsp;(Ejercicio&nbsp;en&nbsp;el&nbsp;que&nbsp;se&nbsp;solicita&nbsp;la&nbsp;informaci\u00f3n&nbsp;a&nbsp;la&nbsp;que&nbsp;se&nbsp;quiere&nbsp;acceder).&nbsp;Si&nbsp;nohace&nbsp;referencia&nbsp;a&nbsp;un&nbsp;fichero&nbsp;concreto&nbsp;se&nbsp;le&nbsp;facilitar\u00e1&nbsp;toda&nbsp;la&nbsp;informaci\u00f3n que se tenga con sus datos de car\u00e1cter personal. Si solicita informaci\u00f3n de un&nbsp;fichero en concreto, s\u00f3lo la informaci\u00f3n de este fichero. Si solicita informaci\u00f3n relativa a un&nbsp;terceronunca&nbsp;se&nbsp;podr\u00e1&nbsp;facilitar.&nbsp;Si&nbsp;lo&nbsp;solicita&nbsp;por&nbsp;tel\u00e9fono&nbsp;se&nbsp;le&nbsp;indicar\u00e1&nbsp;que&nbsp;lo&nbsp;haga&nbsp;por&nbsp;escrito&nbsp;y se le informar\u00e1 de c\u00f3mo lo puede hacer y la direcci\u00f3n a la que tiene que enviarlo. Nunca se le&nbsp;dar\u00e1&nbsp;informaci\u00f3n&nbsp;por tel\u00e9fono.<\/li><\/ul><ul><li>Domicilio&nbsp;a&nbsp;efectos&nbsp;de&nbsp;notificaciones.<\/li><\/ul><ul><li>Fecha&nbsp;y&nbsp;firma&nbsp;del&nbsp;solicitante.<\/li><\/ul><ul><li>Documentos&nbsp;acreditativos&nbsp;de&nbsp;la&nbsp;petici\u00f3n&nbsp;que&nbsp;formula.<\/li><\/ul><ul><li>El&nbsp;interesado&nbsp;debe&nbsp;utilizar&nbsp;cualquier&nbsp;medio&nbsp;que&nbsp;permita&nbsp;acreditar&nbsp;el&nbsp;env\u00edo&nbsp;y&nbsp;la&nbsp;recepci\u00f3n&nbsp;de&nbsp;la&nbsp;solicitud.<\/li><\/ul><\/li><\/ul>\n\n\n\n<p>Por \u00faltimo, le informamos que Usted tiene derecho a presentar una reclamaci\u00f3n ante la Agencia Espa\u00f1ola de&nbsp;Protecci\u00f3n&nbsp;de&nbsp;Datos&nbsp;en&nbsp;caso&nbsp;deque&nbsp;tenga&nbsp;conocimiento&nbsp;o&nbsp;considere&nbsp;que&nbsp;un&nbsp;hecho&nbsp;pueda&nbsp;suponer&nbsp;un&nbsp;incumplimiento&nbsp;de&nbsp;la&nbsp;normativa aplicable&nbsp;en&nbsp;materia&nbsp;de&nbsp;protecci\u00f3n&nbsp;de datos.<\/p>\n\n\n\n<p>JAN NIKLAS GERKA se compromete a adoptar las medidas t\u00e9cnicas y organizativas necesarias, acorde al&nbsp;nivel de riesgos que acompa\u00f1an los tratamientos realizados por \u00e9stas e indicados en el apartado de los t\u00e9rminos&nbsp;y condiciones de&nbsp;uso, de&nbsp;forma&nbsp;que&nbsp;garanticen&nbsp;su&nbsp;integridad, confidencialidad&nbsp;y disponibilidad.<\/p>\n\n\n\n<p><strong><u>\u00daLTIMA&nbsp;ACTUALIZACI\u00d3N<\/u><\/strong><strong>: 9 de&nbsp;junio&nbsp;de 2021<\/strong><\/p>\n","protected":false},"excerpt":{"rendered":"<p>Datos&nbsp;del&nbsp;propietario&nbsp;de&nbsp;la&nbsp;web: RAZ\u00d3N&nbsp;SOCIAL JAN NIKLAS GERKA NIF Y4535210S DIRECCI\u00d3NPOSTAL CALLE DE BRISMAR 13 1D, 07157 PORT DE ANDRATX (ILLES&nbsp;BALEARS) DIRECCI\u00d3NELECTR\u00d3NICA jan@jangerka.com TEL\u00c9FONOS +34 634 33 5855 OBJETOPRINCIPAL ENTRENADOR DE GOLF Protecci\u00f3n&nbsp;de&nbsp;datos &#8230;<\/p>\n","protected":false},"author":1,"featured_media":0,"parent":0,"menu_order":0,"comment_status":"closed","ping_status":"closed","template":"","meta":[],"_links":{"self":[{"href":"https:\/\/www.jangerka.com\/index.php?rest_route=\/wp\/v2\/pages\/291"}],"collection":[{"href":"https:\/\/www.jangerka.com\/index.php?rest_route=\/wp\/v2\/pages"}],"about":[{"href":"https:\/\/www.jangerka.com\/index.php?rest_route=\/wp\/v2\/types\/page"}],"author":[{"embeddable":true,"href":"https:\/\/www.jangerka.com\/index.php?rest_route=\/wp\/v2\/users\/1"}],"replies":[{"embeddable":true,"href":"https:\/\/www.jangerka.com\/index.php?rest_route=%2Fwp%2Fv2%2Fcomments&post=291"}],"version-history":[{"count":1,"href":"https:\/\/www.jangerka.com\/index.php?rest_route=\/wp\/v2\/pages\/291\/revisions"}],"predecessor-version":[{"id":293,"href":"https:\/\/www.jangerka.com\/index.php?rest_route=\/wp\/v2\/pages\/291\/revisions\/293"}],"wp:attachment":[{"href":"https:\/\/www.jangerka.com\/index.php?rest_route=%2Fwp%2Fv2%2Fmedia&parent=291"}],"curies":[{"name":"wp","href":"https:\/\/api.w.org\/{rel}","templated":true}]}}